 42814.
2, 21407
List the prime factors of 131.
131
What are the prime factors of 17920?
2, 5, 7
List the prime factors of 840.
2, 3, 5, 7
What are the prime factors of 2971?
2971
What are the prime factors of 64558?
2, 13, 191
What are the prime factors of 32536?
2, 7, 83
List the prime factors of 84200.
2, 5, 421
What are the prime factors of 11067?
3, 7, 17, 31
List the prime factors of 53848.
2, 53, 127
List the prime factors of 1263.
3, 421
What are the prime factors of 27837?
3, 1031
List the prime factors of 9719.
9719
List the prime factors of 55.
5, 11
List the prime factors of 3486.
2, 3, 7, 83
What are the prime factors of 34783?
7, 4969
List the prime factors of 240.
2, 3, 5
What are the prime factors of 501?
3, 167
What are the prime factors of 796?
2, 199
What are the prime factors of 13545?
3, 5, 7, 43
List the prime factors of 3196.
2, 17, 47
List the prime factors of 20973.
3, 6991
List the prime factors of 4586.
2, 2293
What are the prime factors of 21692?
2, 11, 17, 29
List the prime factors of 36419.
79, 461
List the prime factors of 7014.
2, 3, 7, 167
List the prime factors of 41647.
41647
What are the prime factors of 12768?
2, 3, 7, 19
What are the prime factors of 732?
2, 3, 61
What are the prime factors of 686?
2, 7
List the prime factors of 14872.
2, 11, 13
List the prime factors of 24073.
7, 19, 181
What are the prime factors of 1508?
2, 13, 29
What are the prime factors of 24504?
2, 3, 1021
List the prime factors of 2182.
2, 1091
What are the prime factors of 453?
3, 151
List the prime factors of 22792.
2, 7, 11, 37
What are the prime factors of 41152?
2, 643
List the prime factors of 29274.
2, 3, 7, 17, 41
What are the prime factors of 8812?
2, 2203
What are the prime factors of 773?
773
List the prime factors of 153042.
2, 3, 23, 1109
What are the prime factors of 1395?
3, 5, 31
List the prime factors of 2006.
2, 17, 59
List the prime factors of 12693.
3, 4231
What are the prime factors of 82990?
2, 5, 43, 193
List the prime factors of 490.
2, 5, 7
List the prime factors of 20235.
3, 5, 19, 71
List the prime factors of 11746.
2, 7, 839
What are the prime factors of 139780?
2, 5, 29, 241
List the prime factors of 34762.
2, 7, 13, 191
What are the prime factors of 91138?
2, 45569
List the prime factors of 1076.
2, 269
List the prime factors of 5574.
2, 3, 929
List the prime factors of 18066.
2, 3, 3011
List the prime factors of 2700.
2, 3, 5
List the prime factors of 36777.
3, 13, 23, 41
What are the prime factors of 891?
3, 11
What are the prime factors of 2183?
37, 59
What are the prime factors of 3858?
2, 3, 643
What are the prime factors of 13774?
2, 71, 97
List the prime factors of 19569.
3, 11, 593
What are the prime factors of 18818?
2, 97
What are the prime factors of 3496?
2, 19, 23
List the prime factors of 3292.
2, 823
What are the prime factors of 28766?
2, 19, 757
What are the prime factors of 19?
19
What are the prime factors of 8191?
8191
What are the prime factors of 9115?
5, 1823
What are the prime factors of 10276?
2, 7, 367
List the prime factors of 3639.
3, 1213
What are the prime factors of 976?
2, 61
What are the prime factors of 234?
2, 3, 13
What are the prime factors of 79208?
2, 9901
What are the prime factors of 21043?
11, 1913
List the prime factors of 14265.
3, 5, 317
List the prime factors of 7493.
59, 127
List the prime factors of 1061.
1061
What are the prime factors of 6930?
2, 3, 5, 7, 11
What are the prime factors of 19823?
43, 461
List the prime factors of 79094.
2, 71, 557
List the prime factors of 3864.
2, 3, 7, 23
What are the prime factors of 41164?
2, 41, 251
What are the prime factors of 18006?
2, 3, 3001
List the prime factors of 1435.
5, 7, 41
What are the prime factors of 3103?
29, 107
What are the prime factors of 255?
3, 5, 17
List the prime factors of 486.
2, 3
List the prime factors of 682.
2, 11, 31
What are the prime factors of 3515?
5, 19, 37
What are the prime factors of 63?
3, 7
List the prime factors of 102395.
5, 20479
List the prime factors of 2704.
2, 13
List the prime factors of 22869.
3, 7, 11
What are the prime factors of 25798?
2, 12899
List the prime factors of 35207.
17, 19, 109
What are the prime factors of 1647?
3, 61
List the prime factors of 88876.
2, 17, 1307
What are the prime factors of 5078?
2, 2539
List the prime factors of 4909.
4909
What are the prime factors of 5099?
5099
List the prime factors of 51586.
2, 25793
What are the prime factors of 95043?
3, 13, 2437
What are the prime factors of 2713?
2713
What are the prime factors of 4004?
2, 7, 11, 13
List the prime factors of 89691.
3, 7, 4271
List the prime factors of 35020.
2, 5, 17, 103
List the prime factors of 17051.
17, 59
List the prime factors of 75415.
5, 15083
What are the prime factors of 5416?
2, 677
List the prime factors of 4024.
2, 503
What are the prime factors of 3?
3
List the prime factors of 561.
3, 11, 17
List the prime factors of 4597.
4597
What are the prime factors of 5353?
53, 101
List the prime factors of 662.
2, 331
List the prime factors of 20004.
2, 3, 1667
What are the prime factors of 8031?
3, 2677
What are the prime factors of 129?
3, 43
What are the prime factors of 6590?
2, 5, 659
What are the prime factors of 816?
2, 3, 17
List the prime factors of 35251.
35251
What are the prime factors of 3469?
3469
List the prime factors of 5454.
2, 3, 101
What are the prime factors of 978?
2, 3, 163
What are the prime factors of 4619?
31, 149
What are the prime factors of 14743?
23, 641
What are the prime factors of 4227?
3, 1409
What are the prime factors of 10651?
10651
What are the prime factors of 2563?
11, 233
What are the prime factors of 106098?
2, 3, 17683
What are the prime factors of 2183?
37, 59
What are the prime factors of 3524?
2, 881
List the prime factors of 11550.
2, 3, 5, 7, 11
What are the prime factors of 768?
2, 3
List the prime factors of 5699.
41, 139
List the prime factors of 101655.
3, 5, 251
List the prime factors of 11985.
3, 5, 17, 47
What are the prime factors of 1284?
2, 3, 107
What are the prime factors of 1110?
2, 3, 5, 37
List the prime factors of 77.
7, 11
What are the prime factors of 1459?
1459
What are the prime factors of 2070?
2, 3, 5, 23
List the prime factors of 4418.
2, 47
What are the prime factors of 32237?
32237
List the prime factors of 1990.
2, 5, 199
What are the prime factors of 34084?
2, 8521
What are the prime factors of 36309?
3, 7, 13, 19
List the prime factors of 973.
7, 139
List the prime factors of 989.
23, 43
List the prime factors of 951.
3, 317
List the prime factors of 2707.
2707
What are the prime factors of 9685?
5, 13, 149
List the prime factors of 3364.
2, 29
List the prime factors of 128047.
128047
What are the prime factors of 8571?
3, 2857
List the prime factors of 17871.
3, 7, 23, 37
What are the prime factors of 262?
2, 131
List the prime factors of 1986.
2, 3, 331
List the prime factors of 1261.
13, 97
List the prime factors of 3764.
2, 941
List the prime factors of 13107.
3, 17, 257
What are the prime factors of 6099?
3, 19, 107
What are the prime factors of 20550?
2, 3, 5, 137
What are the prime factors of 62667?
3, 11, 211
What are the prime factors of 3613?
3613
What are the prime factors of 8468?
2, 29, 73
List the prime factors of 914.
2, 457
What are the prime factors of 364?
2, 7, 13
List the prime factors of 1123.
1123
List the prime factors of 936.
2, 3, 13
List the prime factors of 1079.
13, 83
List the prime factors of 2538.
2, 3, 47
What are the prime factors of 37201?
37201
What are the prime factors of 56367?
3, 6263
List the prime factors of 9868.
2, 2467
What are the prime factors of 142083?
3, 15787
List the prime factors of 27662.
2, 13831
What are the prime factors of 35581?
7, 13, 17, 23
List the prime factors of 77.
7, 11
What are the prime factors of 49274?
2, 71, 347
What are the prime factors of 2131?
2131
What are the prime factors of 25255?
5, 5051
What are the prime factors of 1889?
1889
What are the prime factors of 1076?
2, 269
What are the prime factors of 12190?
2, 5, 23, 53
List the prime factors of 45387.
3, 41
List the prime factors of 36553.
11, 3323
List the prime factors of 655.
5, 131
List the prime factors of 47085.
3, 5, 43, 73
List the prime factors of 7302